ighest common divisor of v and o.
4
Let k = -24228 - -26138. What is the highest common divisor of 20 and k?
10
Suppose -13*l + 41 = -6979. What is the greatest common divisor of l and 1026?
54
Suppose 0 = -3*u - 0*u - 9. Let x = u - -15. Suppose -737 + 797 = 5*o. What is the greatest common divisor of o and x?
12
Suppose 54 = 3*y - 30. Suppose 2468 = 11*u - 150. Calculate the greatest common factor of y and u.
14
Let c = -167 + 227. Let r be ((-5)/(-3))/(c/144). What is the highest common factor of 108 and r?
4
Let y(g) be the second derivative of g**3/6 + 25*g**2/2 - 4*g + 36. Let l be 56/(-12) + (-3)/9. Let h be y(l). Calculate the greatest common factor of 5 and h.
5
Let k be (-6)/33 + 210/66. Suppose -1 = d + k*j, 8 = d + 5*j + 19. What is the greatest common divisor of d and 112?
14
Let h(c) = -21*c - 1344. Let m be h(-65). What is the highest common factor of m and 1050?
21
Let y(t) be the second derivative of 5*t**3/3 + 15*t**2 - 11*t - 1. Let w be y(5). Calculate the greatest common factor of 10 and w.
10
Let j be ((-6)/(-8))/((-15)/10)*0. Suppose -5*t + 10*t - 325 = j. What is the greatest common divisor of t and 5?
5
Let a be (138/18)/(3/54). Suppose -m - a = -7*m. Suppose -2*f - 115 = -7*f - 4*v, 23 = f - 3*v. What is the greatest common factor of m and f?
23
Let d = -5000 + 5763. Calculate the highest common divisor of 56 and d.
7
Let l(m) = -m**2 + 20*m - 24. Let q be l(18). Suppose 509*t - 510*t = -q. Calculate the highest common factor of 294 and t.
6
Let c(q) = -q**3 - 5*q**2 - 2*q + 10. Let n be c(-4). Suppose -18*f + 2496 = -n*f. Calculate the greatest common factor of 117 and f.
39
Let i(w) = 344*w**2 + 11*w + 12. Let o be i(-1). Let h be (1*(5 + -14))/((-3)/5). What is the greatest common divisor of o and h?
15
Let c = -3564 + 3605. Calculate the highest common factor of c and 1189.
41
Let l(r) = 8*r - 215. Let j be l(30). Suppose -319 = -43*a + j. What is the highest common divisor of a and 712?
8
Suppose -9*t - 3653608 = -115*t. Calculate the highest common divisor of 28 and t.
28
Let z(d) = 3*d + 5. Let i be z(9). Let o = -1847 + 1919. What is the greatest common divisor of o and i?
8
Suppose -2*o + 8 = 4*y, 5*o = 2*o - 3*y + 6. Suppose -5 = 15*r - 14*r, -4*v - r + 67 = o. Calculate the greatest common factor of v and 12.
6
Let v be ((-15)/(-4))/((-6)/(-16)). Suppose 5*j - 6*j + 36 = -x, 0 = 2*x + 4*j + 96. Let n = 44 + x. What is the greatest common divisor of v and n?
2
Let s(x) = 9*x - 186. Suppose 3*r = 12, 83 = 2*v + 2*r + 23. Let b be s(v). Calculate the greatest common divisor of 60 and b.
12
Let a(b) = 10 + 2*b + 4*b**2 - 8*b + 9*b - b. Let i be a(-5). Let g = i + -52. What is the highest common divisor of g and 64?
16
Suppose 0 = -63*u + 320 + 3334. Calculate the greatest common factor of u and 1769.
29
Let k be -21*(-40)/15*27/42. Let m be (k/15)/(5/2300). What is the highest common factor of 69 and m?
69
Suppose 2*v + 4*m = 2216, -39*v + 37*v - 2*m = -2208. What is the highest common factor of 800 and v?
100
Let c = 72 + -69. Suppose -5*m - 115 = -n - 25, -5*m - 250 = -c*n. Suppose -3*u - u = -n. What is the greatest common divisor of 30 and u?
10
Let f = 877 + -1387. Let d = f + 525. What is the highest common factor of d and 5?
5
Suppose 2*z = 7*v - 194, -2*z = 16*v - 14*v - 22. Suppose b + 0*b = 408. Calculate the greatest common factor of b and v.
24
Suppose 5*z + 31 = 1. Let q be (-8)/10*(-119 + z). Let y be (40/2)/((-5)/(-10)). Calculate the highest common divisor of q and y.
20
Let o be ((6885/60)/17)/((-1)/(-408)). Calculate the highest common divisor of 162 and o.
162
Suppose -5*p + 11*p - 48 = 0. Let m(z) = -z**2 + 11*z - 9. Let v be m(p). Let n be (-72)/(-1) + (-1 - -4). What is the greatest common divisor of n and v?
15
Let w(h) = -2*h**2 + 14*h + 21. Let u be w(7). Suppose -4*l - u + 97 = 0. Let j = 20 + 56. Calculate the greatest common divisor of j and l.
19
Let s(x) = x**3 - 10*x**2 - 12*x + 45. Let d(v) = 2*v**3 - 14*v**2 - 12*v - 17. Let b be d(8). Let c be s(b). Calculate the highest common divisor of 15 and c.
15
Let l = 561 - -1079. Calculate the highest common factor of 5 and l.
5
Let s(m) = -2*m**2 - m + 32163 - 32274 + 3*m**2. Let k be s(12). Suppose 0*b - b + 21 = 0. Calculate the greatest common divisor of b and k.
21
Let n = 44 - 17. Suppose -n*l = -30*l. Suppose 0 = 5*o + z, 4*o = -l*o - 2*z - 6. Calculate the greatest common factor of o and 4.
1
Let p = -396 + 1136. What is the greatest common divisor of p and 430?
10
Let y = -7290 - -7312. Suppose 0 = -5*h + 3*p - 7, -2*p + 6*p = 2*h. Let l be 22*((h - 0) + 3). What is the highest common divisor of y and l?
22
Let l(b) = 176*b - 3546. Let s be l(36). Calculate the highest common factor of 18 and s.
18
Let i(f) = -3*f**2 + 14*f + 108. Let x be i(-4). Calculate the greatest common factor of x and 1642.
2
Let a = -4716 + 16812. What is the greatest common divisor of 14 and a?
14
Suppose p - 3*k = 6, 0 = 4*p + 4*k - k + 6. Let v(a) = 10 - a + 2 + p. Let o be v(9). What is the greatest common factor of 21 and o?
3
Let d be (-23722)/(-30) + (-2)/5 + 58/87. Calculate the greatest common factor of 21 and d.
7
Suppose 0 = 3*p + 4*x - 732, -27*p + x + 1197 = -22*p. Calculate the greatest common divisor of p and 624.
48
Suppose x + 3*y - 213 = -2*x, -5*x + 349 = 3*y. Suppose u + 0*u - x = -k, -212 = -3*u - 5*k. What is the greatest common divisor of 4 and u?
4
Suppose q = -q + 102. Let i be 74/14 + -1 + (-2)/7. Let l be (-7 - 27)*(-2)/i. What is the highest common factor of l and q?
17
Let n = 770 + -750. Let v be (-6)/12*(-2 - 790). Suppose -v + 96 = -5*m. Calculate the greatest common divisor of n and m.
20
Let p = -278 + 281. Suppose -2*f + 0*y + 3 = -y, -4*y + 8 = -p*f. Calculate the greatest common divisor of 4 and f.
4
Let s = -144 + 92. Let q = s - -56. Let z be q/(-2 - 9/(-3)). What is the highest common factor of z and 44?
4
Let y = 19 - 3. Let q be ((-22)/(-4) - 1)*y. Let m be -1 + 10 - (7 + 5 + -11). Calculate the highest common factor of m and q.
8
Let y(j) = 40*j. Let s be y(1). Let g(v) = 58*v**2 - 680*v - 678. Let p be g(-1). Calculate the greatest common factor of p and s.
20
Suppose -y + l + 3*l - 7 = 0, -5*l - 10 = -5*y. Suppose y*z - 11 = -b, 5*z + 2*b - 13 = -b. Calculate the greatest common divisor of 34 and z.
2
Let l(k) = -686*k + 6941. Let b be l(10). What is the highest common divisor of 630 and b?
9
Let z(k) = k**2 - 8*k + 2. Let i be z(8). Suppose 0 = -2*g + 6, -2*f - f - i*g = 105. Let c = 45 + f. Calculate the greatest common divisor of c and 1.
1
Let h = -332 - -368. Let u = h - -36. What is the greatest common factor of u and 27?
9
Suppose 70 = 5*h - 2*r, 3*h + 4*r - 56 = -h. Suppose -3*n - c = -119, 105*c + 77 = n + 100*c. Calculate the highest common divisor of n and h.
14
Suppose 3*y + 32 - 228 = o, -5*o = -5*y + 340. Let q(c) = -c**2 + 20*c + 71. Let w be q(23). What is the highest common factor of y and w?
2
Suppose 21*a + 165 = 54*a. Suppose 104 = a*x - x - 6*b, -5*x - 4*b = -153. Calculate the highest common factor of x and 1.
1
Let k be -16*(-36)/1056 + 4504/11. What is the highest common factor of 1066 and k?
82
Suppose 35*y - 8555 = 147 - 512. Calculate the greatest common divisor of y and 2232.
18
Suppose 37*d - 1351 + 537 = 0. Calculate the highest common divisor of 11 and d.
11
Suppose 0 = 3*d - 5*a - 5996, d = -d + 2*a + 3992. Calculate the greatest common factor of 83 and d.
83
Let u = -533 + 538. Suppose 0 = u*t - 4*x - 572, -2*t - 3*x + 212 = x. Calculate the highest common factor of 280 and t.
56
Let j be (69/(-161) - 1214/42)*-15. Calculate the highest common divisor of 2024 and j.
88
Let u be -3*(-14)/(-9)*-3*450/105. What is the highest common divisor of u and 1350?
30
Let q be 2 + (5 - (-19 - 2 - 5)). Suppose q = -27*i + 7323. What is the greatest common factor of 6 and i?
6
Suppose d - 11 = -d - u, 2*d - 21 = -3*u. Suppose 3*a = d*h, -a = -2*h + 3*a - 8. Calculate the highest common factor of h and 3.
1
Suppose 5*z - 48 = -28. Let r be z/22 - (-13)/(-11). Let t be (r - -1 - -4) + 0. Calculate the highest common divisor of t and 4.
4
Let n be 3 - (-12)/9*15/(-10). Let b be (-4 + (-49)/(-7))/n. Calculate the highest common divisor of 2 and b.
1
Let k be 2667/56 - (-24)/64. Calculate t